3). Let t(u) = -7*u**2 + 3 + h - u**3 - 1. Give t(x).
5
Let q(l) = l**2 + 4*l + 3. Suppose 4*r + 8 = 2*u, 142*u - 3*r - 39 = 146*u. Determine q(u).
15
Let g(b) = 4 - 7 - b + 7. Let o be (-8 + 11)/((-3)/(-8)). Suppose 3*r = o*r - 30. Calculate g(r).
-2
Let j(y) = -8*y**2 - 2*y + 4. Let m(t) = -4*t**2 - t + 2. Let n(p) = 3*j(p) - 7*m(p). Calculate n(-2).
12
Let m(k) = -k + 2. Suppose -2*q + 4*w = -22, -2*q - 4*w - 1 = -7. Let l be (-2 + q - 6)*(-6 - 1). What is m(l)?
-5
Let x(d) = 3*d - 14. Let o(u) = u - 5. Let g(j) = -8*o(j) + 3*x(j). Suppose -3*l + l = -4. Suppose 0*m + l*m = 0. Give g(m).
-2
Let c(j) = 393*j**2 + 1 - 394*j**2 + 0. Let p(h) = h**2 - 11*h + 9. Let d be p(10). What is c(d)?
0
Let k(f) be the first derivative of 1/3*f**3 - 6 - f - 2*f**2 + 1/4*f**4. Determine k(-3).
-7
Let i be (-3 + (3 - 0))/2. Let g(u) be the third derivative of 1/3*u**3 + 5*u**2 - 1/24*u**4 + 0*u + 0. Calculate g(i).
2
Let t(l) be the first derivative of l**4/24 - l**3/6 + 17*l**2/2 + 11. Let y(z) be the second derivative of t(z). Let o = 2 - -5. Determine y(o).
6
Let x(m) = -2*m + 2. Let s(l) = 2*l - 13. Let f be 45/4 + 1/(-4) + -3. Let y be s(f). What is x(y)?
-4
Let l(j) = -j**2 - 3*j. Let n(y) = y**3 + 3*y**2 + 7*y. Let f(r) = 5*l(r) + 2*n(r). Let c = -109 - -110. What is f(c)?
2
Let b be (-6)/2 - (2 - 4). Let o(w) = -23*w - 1. Let g(i) = 39*i + 2. Let k(n) = -4*g(n) - 7*o(n). Give k(b).
-6
Let o(g) be the first derivative of g**2/2 - 7*g - 55. Determine o(10).
3
Let y(u) be the third derivative of -15*u**2 + 0*u + 0 - 1/20*u**5 - 1/6*u**3 - 1/8*u**4 + 1/120*u**6. Determine y(4).
3
Let x(a) = a**3 - 4*a**2 + 1. Let q be x(4). Let u(j) = -3*j + 3*j - 2*j + 10 - 6 - 3. Give u(q).
-1
Let c(t) = 6 + 2*t - 8 - 3. Suppose 7*y - 2*y - 30 = 0. What is c(y)?
7
Let c(m) = -11*m + 20. Let i(k) = -k**2 + 24*k - 47. Let y(t) = -5*c(t) - 2*i(t). What is y(-4)?
-2
Let o(c) = -2*c**2 + 3*c + 1. Suppose 3*d - 3*b = 0, 3*d + 14 - 4 = -2*b. Determine o(d).
-13
Let j(y) = -11*y**3 - 10*y**2 + 4*y. Let b(g) = -24*g**3 - 21*g**2 + 8*g + 1. Let m(x) = 6*b(x) - 13*j(x). Determine m(4).
-10
Suppose 38*o + 8 = 42*o. Let u(t) = -5*t + 1. Give u(o).
-9
Let a(w) be the third derivative of w**5/60 + 7*w**4/24 - 5*w**3/6 - 90*w**2 - w. Let s be (-28)/5 + (-4)/10. Determine a(s).
-11
Let y(t) = -t**2 - 7*t - 1. Let n = 75 + -40. Let b = 30 - n. Determine y(b).
9
Let p = -36 + 21. Let o be 33/5 - 6/p. Let u(k) = -3*k**2 + k**2 + 3 + k**2 + o*k. Give u(7).
3
Let k(o) = 4 + 217*o + 7 - o**2 - 221*o. Determine k(-5).
6
Let s(m) = -3 - 4*m**2 + 1 - 48*m + 24*m + 5 + 22*m. Give s(3).
-39
Let w(r) be the second derivative of -1/20*r**5 + 26*r + 2/3*r**4 - 5*r**2 + 0 - 2/3*r**3. Give w(7).
11
Let s(k) = 4*k + 32. Let g(c) = 3*c + 26. Let x(b) = -5*g(b) + 4*s(b). Give x(-8).
-10
Let l(w) = -w**3 - 10*w**2 - 13*w - 12. Let d = -46 - -37. What is l(d)?
24
Let l(v) be the second derivative of v**7/840 - v**6/180 - v**5/24 + v**4/12 + 4*v**3/3 + 13*v. Let n(y) be the second derivative of l(y). Give n(3).
-4
Let y(o) = -o**3 + 6*o**2 + 8*o - 10. Let l(b) = 2*b**2 + 3*b - 2. Let n be l(3). Let d = -18 + n. Determine y(d).
-3
Let z(q) = 11*q**2 + 12*q + 18. Let v(w) = -9*w**2 - 11*w - 15. Let r(b) = -6*v(b) - 5*z(b). Suppose 5*s = 3*x + 13, 3*s + 2*x = 10 + 13. Give r(s).
5
Let h(n) = -980*n - 1 + 494*n + 494*n. Suppose -4*l + 5 = t, 3*t + 4*l - 8 = -t. Calculate h(t).
7
Suppose -3*i - 5*u + 5 = 2*i, 3*i = 2*u + 13. Suppose 0 = 4*d - 5*x + i, -9 = -3*x. Let m(n) = -3*n + 2. Calculate m(d).
-7
Let a = -317 + 321. Let q(f) = f**3 - 4*f**2 + 3*f - 8. What is q(a)?
4
Let v(d) = -3*d - 17. Suppose -4*l + 153 = 181. Determine v(l).
4
Let h(f) = -f**3 - 3*f**2 + 4. Let t be h(-3). Let z(j) be the second derivative of j**4/12 - 2*j**3/3 + 3*j**2 - 526*j. Determine z(t).
6
Suppose 4*s - 1 - 7 = 3*t, 25 = 5*s. Let c(h) = -5*h + 3*h**2 - 1 + 11*h**2 + t*h. What is c(-1)?
14
Let z(v) = 84*v - 245*v + 77*v + 85*v. Give z(-5).
-5
Let z(n) = 4*n**3 - 6*n**2 - n - 3. Let d(r) = 5*r**3 - 7*r**2 - r - 3. Let l = 121 + -118. Let c(v) = l*d(v) - 4*z(v). Calculate c(4).
-9
Suppose -5*i = 39 - 4. Let v(m) = m**3 + 6*m**2 - 8*m - 1. Calculate v(i).
6
Let x(p) be the third derivative of p**3 + 0*p - 6*p**2 - 1/120*p**6 + 1/6*p**5 + 0 - 5/12*p**4. Determine x(9).
-3
Suppose 15*b - 16*b + 4*f + 8 = 0, 2*b - 4*f - 16 = 0. Let q(x) = -x**2 + 7*x - 5. Give q(b).
-13
Let a(j) = 3*j**3 - 2*j**2 + 8*j + 8. Let q(n) = 2*n**3 - 2*n**2 + 7*n + 7. Let y(l) = 3*a(l) - 4*q(l). Let m be ((-4)/(-1) + -1)*-1. Give y(m).
-1
Suppose -y = -8 - 3. Let u = y + -9. Let k(g) = -u*g**2 - g + 0*g + g**2 - g. What is k(-4)?
-8
Let x(o) = -o - 4. Suppose 5*d - b + 34 - 13 = 0, 4*b - 24 = 5*d. Let t be 15/(-60) + 91/d. Let p = 18 + t. Determine x(p).
1
Let j(y) be the first derivative of y**7/840 + y**6/90 - y**5/120 - 5*y**4/24 + 28*y**3/3 - 37. Let r(x) be the third derivative of j(x). Calculate r(-4).
-1
Let k(l) = -l**2 + 4*l + 4. Let h be (-2)/(-6) - (-20)/12. Suppose -5*s + s + 4*i = -12, -s + h*i = -3. Calculate k(s).
7
Let w be (((-90)/3)/3)/((-8)/4). Let c(h) = 10*h - 48. Let v be c(w). Let a(l) = l**3 - 2*l**2 - 1. What is a(v)?
-1
Let m(h) = -5*h + 1. Let s be m(1). Suppose 27*o - 29*o + 20 = 0. Let k(c) = 5 + 7*c + 6*c + c**2 + 4*c - o*c. Calculate k(s).
-7
Suppose 3*t - 15 = -5*j, -4*t - 18 + 16 = 3*j. Let p(n) = -n**3 + 5*n**2 + 3*n + 10. Determine p(j).
-8
Let s(q) = 2*q + 9. Suppose 6*r - 16*r - 60 = 0. What is s(r)?
-3
Suppose 7*l - 2 = 5*l. Let y(p) = 6 + 13*p**3 - 2 - 2*p + p**2 - 2*p**3 - 3. Give y(l).
11
Let c(r) = -r**3 + 61*r**2 - 281*r + 42. Let u be c(56). Let q(i) = -i**3 - 13*i**2 + 14*i + 35. Determine q(u).
35
Let t(v) = 11*v**3 - 43*v**2 + 6*v - 36. Let a(y) = -7*y**3 + 28*y**2 - 4*y + 24. Let p(o) = -8*a(o) - 5*t(o). What is p(9)?
6
Let a(y) = -6*y + 3. Suppose 0*l + d = 5*l - 27, 3*l - 2*d - 19 = 0. Suppose 3*x - l*x + 4 = 0. Give a(x).
-9
Let m(i) = -14*i - 8. Let d(n) = -5*n - 3. Let k(u) = -8*d(u) + 3*m(u). Let b(y) = -y - 12. Let f be ((-28)/(-8))/((-2)/4). Let g be b(f). Calculate k(g).
10
Let i(a) be the second derivative of a**5/20 + 5*a**2/2 + 2*a - 7. Suppose 5*w - 6 = u + 4*w, -2*u = 4*w - 6. Let y be (0/(-1))/(3/u). What is i(y)?
5
Let k(a) = 12 - 3 - 2*a + a. Let j(h) = -h + 18 + 4 - 16. Let m be j(2). What is k(m)?
5
Let z(q) = -q**3 + 7*q**2 + 8*q + 6. Let r be z(8). Suppose -4*n = -2 - r. Let b(h) = -h + 4. Let p be b(n). Let f(a) = -2*a**3 + 3*a**2 - 2*a. Calculate f(p).
-8
Let w(i) be the first derivative of -4*i - 7 + 2*i**3 + 0*i**2 + 1/4*i**4. Determine w(-6).
-4
Let m(l) = -18*l - 1. Suppose h - 216 = -3*h. Let w be (-6)/h - (-20)/18. Determine m(w).
-19
Let h(b) be the second derivative of -13*b + 0 - 1/6*b**3 + 3*b**2. Let c be h(11). Let y(r) = -r**2 - 5*r - 6. Determine y(c).
-6
Let l = -1507 + 1500. Let m(z) = 4 - 7*z**2 - z**3 + 2*z + 0 + 5. Calculate m(l).
-5
Let k(m) = 2*m + 6. Let j(h) = 12*h - 1. Let g(w) = -j(w) + 3*k(w). Calculate g(3).
1
Let f(w) be the first derivative of -11 + 6*w + 1/2*w**2. Give f(-7).
-1
Let t(n) = 2 + n - 4 + 4 + 1. Determine t(-6).
-3
Let k = 10 + -6. Let a(v) be the second derivative of -2/3*v**3 + 0 + 1/12*v**4 - 1/2*v**2 + 8*v. Calculate a(k).
-1
Let c(b) = -b**3 - 8*b**2 - b + 8. Let q be c(-8). Let a(d) = 2 - q*d**2 + 11*d - 4 - 2 + 15*d**2. Determine a(10).
6
Let q = 339 - 336. Let k(p) = -p**3 - 2*p**2 + 4*p - 1. Calculate k(q).
-34
Let f(g) = 5*g**2 - 3. Let r(u) = 6*u**2 - 2. Let w(c) = -3*f(c) + 4*r(c). Let z(k) = -k - 5. Let m be z(-4). Calculate w(m).
10
Let m(a) = a + 12. Let g(w) = -2*w + 5. Suppose 38*u = 35*u + 15. Let k be g(u). Calculate m(k).
7
Let d(u) = u - 12. Let o be -15*(-4)/((-160)/(-24)). Calculate d(o).
-3
Let w(g) = -7*g - 3. Suppose -7*v = -2 - 19. Suppose 0*a = v*a + 6. Calculate w(a).
11
Let o(b) = b**3 + b + 1. Let c(j) = -5*j**3 + 9*j**2 - 4*j - 2. Let m(r) = -c(r) - 4*o(r). Suppose -10*y + 31 = -59. What is m(y)?
-2
Let v be (-3)/6*(13 + 9). Let h(d) = 2*d + 14. Calculate h(v).
-8
Let w be (370/(-40) + 9)/(2/(-16)). Let i(d) = -d**3 - 2*d**2 - 2*d + 2. Calculate i(w).
-18
Let h(l) be the third derivative of -l**4/8 - 53*l**3/6 - 2*l**2 + 105. Determine h(-18).
1
Let w(f) be the second derivative of -f**4/12 - 4*f**3/3 - 25*f**